ghest common factor of 102375 and 19237050?
1575
What is the highest common divisor of 980 and 8508556?
196
What is the highest common factor of 93879750 and 14104?
3526
What is the greatest common divisor of 3440018 and 483?
23
What is the highest common factor of 95 and 691980?
95
What is the greatest common divisor of 140616 and 372456?
504
What is the highest common factor of 1514769554 and 62?
62
What is the highest common factor of 2027298 and 711?
237
What is the highest common factor of 1561484848 and 1072?
1072
Calculate the highest common divisor of 703092154 and 34.
34
Calculate the highest common divisor of 162082680 and 15.
15
Calculate the highest common divisor of 8745 and 98845.
265
Calculate the highest common divisor of 2716556 and 17964.
1996
What is the greatest common divisor of 9290 and 53860?
10
Calculate the highest common factor of 1163547 and 157320.
207
What is the greatest common factor of 25011571 and 4173?
1391
Calculate the greatest common factor of 1794 and 14760434.
598
What is the greatest common divisor of 114387 and 3763877?
5447
Calculate the greatest common divisor of 134209 and 38419.
103
Calculate the highest common divisor of 2519913 and 858363.
627
Calculate the highest common factor of 11948 and 975204.
412
What is the highest common divisor of 36357499 and 995?
199
What is the highest common divisor of 48 and 3993488?
16
Calculate the greatest common factor of 19299 and 139881.
21
Calculate the greatest common factor of 1001288 and 19552.
376
Calculate the greatest common divisor of 1527746 and 166.
2
Calculate the greatest common divisor of 28223 and 16867.
167
What is the greatest common factor of 1454433 and 3663?
111
Calculate the highest common divisor of 5280 and 382435680.
5280
Calculate the greatest common divisor of 583268 and 2660.
28
Calculate the greatest common divisor of 232640753 and 23888.
1493
What is the greatest common factor of 51939 and 77827706?
5771
What is the greatest common factor of 680 and 82271440?
40
Calculate the greatest common factor of 45094 and 150.
2
Calculate the greatest common divisor of 75538755 and 45.
45
Calculate the greatest common divisor of 63112869 and 279.
279
Calculate the highest common factor of 2176660 and 7600.
20
Calculate the highest common divisor of 2603632992 and 96.
96
Calculate the highest common factor of 644 and 1359092.
28
Calculate the greatest common divisor of 1577285 and 19.
19
What is the highest common divisor of 2167 and 246841?
197
What is the greatest common divisor of 496215 and 255?
15
Calculate the highest common divisor of 52 and 1541011316.
52
Calculate the highest common divisor of 7884030 and 363.
33
What is the greatest common divisor of 906902 and 9?
1
Calculate the greatest common divisor of 26860 and 995180.
340
What is the highest common divisor of 12896 and 226331?
31
Calculate the greatest common factor of 7398 and 682002.
18
Calculate the greatest common factor of 2699270 and 30.
10
What is the greatest common factor of 9370 and 1580?
10
Calculate the greatest common factor of 26395629 and 5283.
1761
Calculate the highest common divisor of 384 and 10596462.
6
Calculate the highest common divisor of 13118 and 481054.
14
What is the greatest common divisor of 6772356 and 216?
108
Calculate the greatest common divisor of 17464 and 957275.
59
What is the highest common factor of 111520 and 65280?
2720
Calculate the highest common divisor of 277117 and 901.
17
What is the highest common factor of 217440 and 83805?
2265
What is the greatest common divisor of 418 and 1217691?
19
Calculate the greatest common factor of 1235 and 71828740.
95
Calculate the greatest common divisor of 1572 and 54105.
3
Calculate the highest common factor of 327970018 and 2822.
2822
What is the greatest common divisor of 8865152 and 48?
16
What is the greatest common divisor of 3999071 and 407?
37
Calculate the highest common factor of 18748 and 2457405.
109
Calculate the highest common divisor of 3059 and 10599757.
161
What is the greatest common factor of 144845820 and 14?
14
What is the greatest common divisor of 5704 and 1589944?
184
What is the highest common factor of 29345 and 129346891?
5869
Calculate the highest common factor of 15423188 and 2343.
781
Calculate the greatest common divisor of 870 and 13618574.
58
Calculate the greatest common divisor of 1382 and 43114254.
1382
Calculate the highest common factor of 296 and 99308.
148
What is the greatest common divisor of 776419 and 11207?
7
Calculate the greatest common divisor of 7103195 and 1309.
187
Calculate the highest common factor of 2767520 and 22540.
980
Calculate the highest common divisor of 7098 and 30636879.
273
What is the highest common factor of 22284740 and 68228?
1844
Calculate the greatest common factor of 1758 and 477590.
586
What is the highest common factor of 1879920 and 16128?
1008
Calculate the greatest common factor of 6422 and 2914574.
338
Calculate the greatest common factor of 666 and 1290425172.
222
Calculate the greatest common factor of 38144 and 78145136.
2384
Calculate the greatest common factor of 253788053 and 5151.
1717
Calculate the greatest common divisor of 1 and 7250746.
1
Calculate the greatest common factor of 824 and 894400912.
824
Calculate the highest common factor of 2801008 and 18512.
1424
What is the highest common factor of 204 and 17555700?
12
Calculate the greatest common factor of 4128579 and 819.
819
What is the greatest common factor of 86206488 and 1340?
268
What is the greatest common factor of 864 and 2490291?
27
Calculate the highest common factor of 24752 and 1304992.
208
What is the greatest common divisor of 48369 and 8763?
69
Calculate the greatest common divisor of 1221450 and 918.
102
What is the highest common divisor of 110304615 and 30?
15
Calculate the highest common factor of 116 and 1060660384.
116
What is the greatest common divisor of 100646 and 5668013?
1027
Calculate the highest common divisor of 33770 and 162136524.
6754
Calculate the highest common factor of 221 and 784927.
13
What is the greatest common divisor of 112147 and 12691?
259
Calculate the highest common factor of 7732461 and 264.
33
What is the greatest common factor of 8695 and 2762790?
185
What is the highest common factor of 23408 and 10058144?
304
What is the highest common factor of 22570316 and 457?
457
What is the greatest common divisor of 1902 and 163786926?
1902
What is the highest common divisor of 6 and 2916404?
2
Calculate the highest common factor of 15 and 44735905.
5
Calculate the greatest common divisor of 3536 and 1890128.
272
What is the greatest common divisor of 551590 and 52?
26
What is the greatest common factor of 53 and 46638039?
53
Calculate the highest common factor of 65949750 and 18000.
2250
What is the greatest common factor of 976 and 250629968?
976
What is the highest common factor of 36204 and 171053556?
5172
What is the highest common divisor of 167364176 and 361854?
13402
What is the highest common divisor of 101816 and 3969667?
1157
What is the highest common divisor of 39 and 9110049?
39
Calculate the highest common divisor of 6846 and 17421114.
978
Calculate the highest common divisor of 1715 and 1160285.
35
Calculate the highest common divisor of 1289442 and 965118.
462
What is the greatest common factor of 468858698 and 9471?
3157
What is the greatest common divisor of 69 and 957956946?
69
What is the greatest common divisor of 26553 and 193503?
159
What is the greatest common divisor of 163152 and 213048?
792
Calculate the greatest common factor of 785787709 and 11109.
3703
Calculate the greatest common factor of 1598 and 505516114.
1598
Calculate the highest common factor of 6206870 and 160.
10
What is the greatest common factor of 51686 and 26447606?
1202
What is the highest common factor of 549970453 and 2491?
2491
Calculate the greatest common factor of 66360292 and 71.
71
What is the highest common factor of 183 and 4450783443?
183
Calculate the greatest common divisor of 66217641 and 513.
57
What is the greatest common factor of 1379 and 56355199?
197
Calculate the greatest common divisor of 57717 and 2398356.
477
Calculate the highest common divisor of 7142707 and 398.
199
What is the greatest co